2 + 6/4)*0. Calculate q(i).
4
Let a(m) be the first derivative of -1/3*m**3 + m - 3/2*m**2 - 2. Let o(v) be the first derivative of a(v). Calculate o(-4).
5
Let r(g) be the third derivative of 3*g**6/40 + g**5/30 - g**3/6 - g**2. Suppose 0*v = 5*v - 5. What is r(v)?
10
Let f be 6*((-84)/8)/(-3). Suppose 14*u + f = 11*u. Let g(z) = z**2 + 7*z + 2. Give g(u).
2
Let k = 5 - 2. Let g = k + -5. Let x be (-30)/(-8) - g/8. Let s(d) = d - 3. Give s(x).
1
Let j(h) = h**2 + 3*h - 4. Let c = 44 + -47. Give j(c).
-4
Let x be 7/(3 - (4 + -2)). Suppose 2*y = -4*g - y - 15, x = -2*g - y. Let c(q) be the first derivative of -q**2/2 - 3*q + 3. Determine c(g).
0
Let v(g) = g**3 + 3*g**2 - 3*g - 1. Let i(j) = -j**2 + 7*j - 5. Let d be i(5). Suppose -5*a - 53 = 4*r - 18, -d*a = r + 20. Give v(a).
8
Let i(b) = -b**2 - 14*b - 16. Let a be 3 + 1 - 85/5. Calculate i(a).
-3
Let d(w) = -2*w**2 - 2*w - 1. Let v(f) = -f**2 + 2*f - 1. Let c(r) = d(r) - v(r). Give c(-3).
3
Let s(h) = -h**3 - 2*h**2 - 4. Suppose w - 4*w - 3*k - 24 = 0, 2*w - 14 = 4*k. Calculate s(w).
5
Let m(x) = -x + 2. Let v be -6*1*2/6. Let s(q) = -1. Let d(u) = v*s(u) - m(u). Give d(-1).
-1
Let h(d) = -d**3 + 5*d**2 - 3*d - 1. Let n be h(4). Let u(o) be the second derivative of -o**5/20 + o**4/4 - o**3/3 + 3*o**2/2 + 4*o. What is u(n)?
-3
Let j(f) = f**3 + 4*f**2 - 2*f - 4. Let c be -6*1/(9/6). Calculate j(c).
4
Let p = 5 - 9. Let b(t) = t + 1. Let v(j) = -2*j - 2. Let z(a) = p*v(a) - 9*b(a). What is z(-1)?
0
Let h(i) = 6 + 2*i + 1 - 4*i. Let c be h(9). Let y = 8 + c. Let f(q) = q**3 + 3*q**2 + 3. Calculate f(y).
3
Let m = -1 + 3. Let p be m + (2 - 3) + 3. Let o(z) = 0*z**2 + 4*z - 3*z**2 + p*z**2 - 3. Determine o(-5).
2
Let m(f) = 4*f - 4. Let j(h) = -h**2 - 12*h + 16. Let s be j(-13). Calculate m(s).
8
Let d(l) = l**3 + 7*l**2 + 8*l + 5. Let r(w) = w**2 - w - 2. Let z be r(4). Let b(a) = a**2 - 10*a - 6. Let m be b(z). What is d(m)?
-7
Let t(g) be the second derivative of g**3/3 - g**2 + 5*g. What is t(-4)?
-10
Let w(t) = -4*t**3 + 1. Suppose 0 = -q - 0*q + 1. What is w(q)?
-3
Let t(g) be the second derivative of g**3/6 - 3*g. What is t(0)?
0
Let r(d) = 2*d - d - 2*d. Let m(s) = 5*s**2 + 3*s + 5. Let n(z) = z**2 + z + 1. Let h(g) = m(g) - 4*n(g). Let q(a) = h(a) - 3*r(a). What is q(-1)?
0
Let f be 6*1 - (-1 + 4). Suppose -b = -f*b. Let d(y) = y - 6. Determine d(b).
-6
Let r(i) be the first derivative of 13*i**3/3 + 13. Let g(u) = -u**2 + u + 1. Let m be g(-1). Give r(m).
13
Let b(d) = 2*d - 4. Let u be b(4). Suppose -u*a = 4, -3*o + 4*a - 3 = -10. Let t(i) = i - 4*i**2 + 1 + 5*i**2 + o. Give t(0).
2
Let w be -1*(3 - 6)*1. Let s(m) = 2*m**2 + 7*m. Let i(r) = 5*r**2 + 15*r - 1. Let z(g) = w*i(g) - 7*s(g). What is z(6)?
9
Let c(q) be the third derivative of -q**5/60 + q**4/3 - q**3 - q**2. Calculate c(6).
6
Let l(g) be the third derivative of -g**5/10 - g**3/6 + 2*g**2. Let r = -8 + 4. Let b be (-2)/r - (-12)/(-8). Calculate l(b).
-7
Let j(u) = 6 + 2 - 7 + 2*u + 2*u. Let l(t) = -21*t - 5. Let g(b) = -22*j(b) - 4*l(b). Suppose -3*v + 2 = 8. Give g(v).
6
Let v(t) = -11*t - 10 + 9 + 0. Determine v(-2).
21
Let s(m) = 17*m**2 + 7*m + 11. Let u(v) = 8*v**2 + 3*v + 5. Let w(i) = -6*s(i) + 13*u(i). Give w(3).
8
Let s(u) be the second derivative of -u**5/120 + u**4/12 - u**3/2 - u. Let h(b) be the second derivative of s(b). Calculate h(4).
-2
Let p(l) = -l - 4. Let f(o) = -2*o + 8. Let k be f(7). Let v(r) = 2*r + 9. Let h be v(k). Determine p(h).
-1
Suppose -3 - 27 = 6*q. Let i(t) = t**2 + 4*t - 6. Determine i(q).
-1
Let g(k) = k**3 + k**2 + k - 1. Let y be 2*(-3 + 5)/4. Let b(n) = -4*n**3 - 5*n**2 - 4*n + 3. Let h(x) = y*b(x) + 3*g(x). Calculate h(-1).
0
Let a(x) = -x**2 - 7*x + 2. Let g be a(-7). Let b be ((-1)/(-3))/(g/36). Let t(i) = i. Determine t(b).
6
Let o be ((-2)/4)/((-1)/(-10)). Let k be (4 - -2)*1/3. Let v(n) = 2 - n**3 - 2*n + n**2 - k*n - 7*n**2 - 2*n. Determine v(o).
7
Suppose 0 = -3*j + 5*h - 4, -j + 8 = 3*h. Let f(b) = 6*b**2 - b**2 - j + 3. Give f(-1).
6
Suppose -8*b + 9 + 7 = 0. Let k(h) = 2*h**2 - 4*h + 2. Calculate k(b).
2
Let g(c) = 6 + 2*c**3 - 1 - 2*c**2 - 4. Let m(j) = j - 12. Let k be m(5). Let w = k + 8. Determine g(w).
1
Suppose -4 = 2*n + 6. Let d(o) = o**3 + 4*o**2 - 6*o - 2. What is d(n)?
3
Suppose 0 = 5*p + 4*n + 25, -2*n - 2 = 8. Let f(d) = d - 3. Let b(q) = -1. Let j(u) = p*f(u) + 3*b(u). Calculate j(5).
-5
Let v be (1 - -5)*(7 + -5 - 3). Let f(h) = 4*h + 9. What is f(v)?
-15
Let g(m) = -m**3 - 58 - 5*m**2 + 3*m**2 + 62 + 3*m. Let t(x) = x + 4. Let d be t(-7). Give g(d).
4
Let l(t) = -4*t**2 - 7*t + 6. Let z(v) = -21*v**2 - 36*v + 31. Let d be (3/(-2))/((-3)/(-4)). Let h(r) = d*z(r) + 11*l(r). Determine h(-4).
-8
Let g be (-31)/(-6)*-4*-9. Let t = -111 + g. Let k be t/10*(-4)/(-6). Let s(u) = -u**2 + 5*u - 2. Give s(k).
-2
Let v(c) = -4*c + 2 + 0 + 3*c. Give v(7).
-5
Suppose -x - 5 = -4*j - 2*x, 3*j = -4*x - 6. Let p(v) = -6*v + 1 + 2*v**j + 0*v - 3*v**2. Suppose 2*d = -0*l + 5*l + 32, l = -3*d - 3. Calculate p(l).
1
Let f(a) = -a + 3 - 3 + 1. What is f(-1)?
2
Let q(f) = f + 2. Let b = 8 + -4. Let d be q(b). Suppose -d = -3*r - 0. Let n(j) = 6*j - 3. Give n(r).
9
Let n be 3/((-12)/8) + 0. Let i(o) = -2*o**2 + o + 3. Let a(v) = 3*v**2 - 3*v - 6. Let w(y) = -3*a(y) - 5*i(y). What is w(n)?
-1
Let l(y) = -2*y + 3. Let c(b) = b**3 - 5*b**2 - 4*b - 6. Let m be 200/35 + 4/14. Let x be c(m). What is l(x)?
-9
Let m(t) = -2*t + 13. Let n(x) = -3*x - 4 + 3*x - 2 + x. Let r(h) = -3*m(h) - 5*n(h). Let a be 5*2/5*2. Calculate r(a).
-5
Let r(j) = 17*j + 1 - 13*j + 0. Determine r(2).
9
Let c(m) = -m - 3. Let r(o) = 3*o + 5. Let v(f) = -13*c(f) - 6*r(f). Give v(7).
-26
Let j(h) be the first derivative of -h**4/4 - 2*h**3 - 5*h**2/2 + 4*h - 3. Let z be (-2)/(-4)*(-40)/4. Let d be j(z). Let s(c) = -c + 8. Calculate s(d).
4
Let f(h) = h**3 - 11*h + 10. Let c(s) = s**2 - s + 1. Let l(b) = 4*c(b) - f(b). Calculate l(5).
4
Let f(j) = -j**3 + j**2 - 2. Suppose 0 = 5*d + 3 + 7. Give f(d).
10
Let n(b) = -b - 5. Let o be n(-3). Let m(z) = -5*z**2 - 4*z - 3. Give m(o).
-15
Let s = 6 + -5. Let g be 19/s + -1 + 2. Suppose 3*v = 4*h - 3, -g = -2*v + 3*v + 5*h. Let j(z) = z + 1. What is j(v)?
-4
Let f(r) = 2*r**3 - r**2 + r - 1. Suppose 0*x = -5*x - 15. Let t = x - -4. Let y be (-4)/(-8)*(t + 1). Calculate f(y).
1
Let j(n) = 4*n + 11*n**2 + 5*n + 7 + 7. Let o(w) = -4*w**2 - 3*w - 5. Let b(q) = -6*j(q) - 17*o(q). Determine b(3).
10
Let q = 54 - 50. Let r(m) = 5*m**3 - 8*m**2 - 2*m. Let n(u) = -4*u**3 + 7*u**2 + u. Let w be (2 - 3) + (5 - 1). Let h(d) = q*n(d) + w*r(d). Calculate h(3).
3
Let p(b) = -10*b - 12*b + 23*b. Calculate p(-1).
-1
Let m(w) = w**2 - 1. Let y(q) = 6 + 4 - q**2 - 4. Let c(h) = 6*m(h) + y(h). Give c(-1).
5
Let z(l) = -l**3 + 12*l**2 - 11*l + 4. Let d be z(11). Let r(x) be the third derivative of x**4/12 - 5*x**3/6 + 2*x**2. Determine r(d).
3
Let a = 7 + -6. Let w be 2 - 0 - (-1)/a. Let f(g) = -g**3 + 4*g**2 - 3. What is f(w)?
6
Let n(i) be the first derivative of -i**4/4 + 4*i**3/3 - i**2/2 - i - 3. What is n(4)?
-5
Suppose 4*f - 15 = -f. Suppose 2*t = 4*m - 16, 3*m - f*t = 7 + 2. Let z(q) = 4*q - 2*q - m*q + 1. Calculate z(-1).
4
Let w(h) = -h - 4. Let n(t) = 3*t - 1. Let i = 1 + -2. Let q be n(i). Let s be w(q). Let c(o) = o - 7. Calculate c(s).
-7
Let d = 11 + -8. Let j(g) = -3*g**2 + 5*g**d + 0*g**3 - 4*g**3 + 1 - g + 0*g**3. Calculate j(3).
-2
Let y(m) = 4*m + 3*m**2 + 2*m**2 - 8*m**3 - 3 + 7*m**3. Calculate y(6).
-15
Suppose -4*r + 3*g = 23, -5*r - 25 = -r - 5*g. Let h(z) = z**2 + 2*z - 6. What is h(r)?
9
Let t(b) = -b**2 + 6. Let s be t(0). Let d(h) = -h**3 + 1 - 3 + s*h**2 - 2 - 2*h**2 - 3*h. Suppose -4*n + 2*c = 3*c - 10, -10 = 5*c. Determine d(n).
-4
Let v(t) be the second derivative of -t + 0*t**3 + 11/2*t**2 + 1/12*t**4 - 1/20*t**5 + 0. Let j = -42 - -42. What is v(j)?
11
Let o(m) be the third derivative of 0 + 0*m - 3*m**2 - 1/60*m**5 - 1/120*m**6 - 5/3*m**3 + 0*m**4. Let t(a) = a**2 + 4*a + 3. Let q be t(-3). What is o(q)?
-10
Let v(f) = -f**2 + 5*f + 2. Let t = 4 - 1. Let q be t/(-3)*5*-1. Calculate v(q).
2
Let n(h) = -2*h - 2. Suppose -5*y + y + 8 = 0. Let x(l) be the third derivative of l**4/8 - l**3/3 - 2*l**2. Let k be x(y). Give n(k).
-10
Let b(m) = -15*m + 2 + 5*m + 